{"id":657,"date":"2013-10-27T18:27:42","date_gmt":"2013-10-27T17:27:42","guid":{"rendered":"http:\/\/www.coulissesduchef.com\/site\/?page_id=657"},"modified":"2024-08-22T08:06:45","modified_gmt":"2024-08-22T07:06:45","slug":"les-objectifs","status":"publish","type":"page","link":"https:\/\/www.coulissesduchef.com\/site\/formation\/les-objectifs\/","title":{"rendered":"LES OBJECTIFS"},"content":{"rendered":"<p>[et_pb_section fb_built=\u00a0\u00bb1&Prime; _builder_version=\u00a0\u00bb4.16&Prime; global_colors_info=\u00a0\u00bb{}\u00a0\u00bb][et_pb_row _builder_version=\u00a0\u00bb4.16&Prime; background_size=\u00a0\u00bbinitial\u00a0\u00bb background_position=\u00a0\u00bbtop_left\u00a0\u00bb background_repeat=\u00a0\u00bbrepeat\u00a0\u00bb global_colors_info=\u00a0\u00bb{}\u00a0\u00bb][et_pb_column type=\u00a0\u00bb4_4&Prime; _builder_version=\u00a0\u00bb4.16&Prime; custom_padding=\u00a0\u00bb|||\u00a0\u00bb global_colors_info=\u00a0\u00bb{}\u00a0\u00bb custom_padding__hover=\u00a0\u00bb|||\u00a0\u00bb][et_pb_text _builder_version=\u00a0\u00bb4.16&Prime; background_size=\u00a0\u00bbinitial\u00a0\u00bb background_position=\u00a0\u00bbtop_left\u00a0\u00bb background_repeat=\u00a0\u00bbrepeat\u00a0\u00bb global_colors_info=\u00a0\u00bb{}\u00a0\u00bb]<\/p>\n<p style=\"text-align: justify;\"><span style=\"font-size: large;\">L\u2019enjeu de toute soci\u00e9t\u00e9 de restauration est la satisfaction du client et cela passe par un personnel comp\u00e9tent, motiv\u00e9 et donc form\u00e9. La contrainte technique augmente dans ces m\u00e9tiers du fait de nouvelles technologies que les cuisiniers doivent ma\u00eetriser.<\/span><\/p>\n<p style=\"text-align: justify;\"><span style=\"font-size: large;\">Le changement permanent des habitudes de consommation et des tendances culinaires n\u00e9cessite une adaptation r\u00e9guli\u00e8re des menus propos\u00e9s et des aliments utilis\u00e9s. Le secteur tend de plus en plus vers une industrialisation de la pr\u00e9paration des repas que ce soit dans la restauration collective ou dans la restauration traditionnelle. Il est donc n\u00e9cessaire de ma\u00eetriser les outils mais aussi les techniques et les normes en vigueur. Cela permet \u00e0 la fois une meilleure organisation, une meilleure qualit\u00e9 de service et \u00e0 terme une meilleure rentabilit\u00e9.<\/span><\/p>\n<p style=\"text-align: justify;\"><span style=\"font-size: large;\">Nous vous proposons donc d\u2019accompagner vos salari\u00e9s en leur donnant une formation de terrain, sur-mesure en fonction de vos attentes et imm\u00e9diatement applicable. Nous nous d\u00e9pla\u00e7ons dans vos locaux ou mettons \u00e0 votre disposition notre atelier Paris-Bourse. Notre \u00e9quipe de professionnels utilise son expertise, ses exp\u00e9riences et ses outils p\u00e9dagogiques pour vous aider \u00e0 concr\u00e9tiser vos projets. Nous nous engageons \u00e0 vos c\u00f4t\u00e9s et vous adressons des interlocuteurs privil\u00e9gi\u00e9s, disponibles et comp\u00e9tents, forts d\u2019une exp\u00e9rience reconnue dans leur domaine d\u2019intervention.<\/span><\/p>\n<p style=\"text-align: justify;\"><span style=\"font-size: large;\">Disposant d\u2019un num\u00e9ro d\u2019agr\u00e9ment, notre soci\u00e9t\u00e9 de formation est habilit\u00e9e \u00e0 dispenser des formations culinaires professionnelles qui peuvent \u00eatre prises en charge par les dispositifs DIF ou Fongecif.<\/span><\/p>\n<p>[\/et_pb_text][\/et_pb_column][\/et_pb_row][\/et_pb_section]<\/p>\n","protected":false},"excerpt":{"rendered":"<p>L\u2019enjeu de toute soci\u00e9t\u00e9 de restauration est la satisfaction du client et cela passe par un personnel comp\u00e9tent, motiv\u00e9 et donc form\u00e9. La contrainte technique augmente dans ces m\u00e9tiers du fait de nouvelles technologies que les cuisiniers doivent ma\u00eetriser. Le changement permanent des habitudes de consommation et des tendances culinaires n\u00e9cessite une adaptation r\u00e9guli\u00e8re des [&hellip;]<\/p>\n","protected":false},"author":2,"featured_media":0,"parent":66,"menu_order":0,"comment_status":"closed","ping_status":"closed","template":"","meta":{"_et_pb_use_builder":"on","_et_pb_old_content":"<p style=\"text-align: justify;\">L\u2019enjeu de toute soci\u00e9t\u00e9 de restauration est la satisfaction du client et cela passe par un personnel comp\u00e9tent, motiv\u00e9 et donc form\u00e9. La contrainte technique augmente dans ces m\u00e9tiers du fait de nouvelles technologies que les cuisiniers doivent ma\u00eetriser.<\/p>\n<p style=\"text-align: justify;\">Le changement permanent des habitudes de consommation et des tendances culinaires n\u00e9cessite une adaptation r\u00e9guli\u00e8re des menus propos\u00e9s et des aliments utilis\u00e9s. Le secteur tend de plus en plus vers une industrialisation de la pr\u00e9paration des repas que ce soit dans la restauration collective ou dans la restauration traditionnelle. Il est donc n\u00e9cessaire de ma\u00eetriser les outils mais aussi les techniques et les normes en vigueur. Cela permet \u00e0 la fois une meilleure organisation, une meilleure qualit\u00e9 de service et \u00e0 terme une meilleure rentabilit\u00e9.<\/p>\n<p style=\"text-align: justify;\">Nous vous proposons donc d\u2019accompagner vos salari\u00e9s en leur donnant une formation de terrain, sur-mesure en fonction de vos attentes et imm\u00e9diatement applicable. Nous nous d\u00e9pla\u00e7ons dans vos locaux ou mettons \u00e0 votre disposition notre atelier Paris-Bourse. Notre \u00e9quipe de professionnels utilise son expertise, ses exp\u00e9riences et ses outils p\u00e9dagogiques pour vous aider \u00e0 concr\u00e9tiser vos projets. Nous nous engageons \u00e0 vos c\u00f4t\u00e9s et vous adressons des interlocuteurs privil\u00e9gi\u00e9s, disponibles et comp\u00e9tents, forts d\u2019une exp\u00e9rience reconnue dans leur domaine d\u2019intervention.<\/p>\n<p style=\"text-align: justify;\">Disposant d\u2019un num\u00e9ro d\u2019agr\u00e9ment, notre soci\u00e9t\u00e9 de formation est habilit\u00e9e \u00e0 dispenser des formations culinaires professionnelles qui peuvent \u00eatre prises en charge par les dispositifs DIF ou Fongecif.<\/p>","_et_gb_content_width":"","footnotes":""},"class_list":["post-657","page","type-page","status-publish","hentry"],"yoast_head":"<!-- This site is optimized with the Yoast SEO plugin v27.5 - https:\/\/yoast.com\/product\/yoast-seo-wordpress\/ -->\n<title>LES OBJECTIFS - Cours de cuisine \u00e0 Paris<\/title>\n<meta name=\"robots\" content=\"index, follow, max-snippet:-1, max-image-preview:large, max-video-preview:-1\" \/>\n<link rel=\"canonical\" href=\"https:\/\/www.coulissesduchef.com\/site\/formation\/les-objectifs\/\" \/>\n<meta property=\"og:locale\" content=\"fr_FR\" \/>\n<meta property=\"og:type\" content=\"article\" \/>\n<meta property=\"og:title\" content=\"LES OBJECTIFS - Cours de cuisine \u00e0 Paris\" \/>\n<meta property=\"og:description\" content=\"L\u2019enjeu de toute soci\u00e9t\u00e9 de restauration est la satisfaction du client et cela passe par un personnel comp\u00e9tent, motiv\u00e9 et donc form\u00e9. La contrainte technique augmente dans ces m\u00e9tiers du fait de nouvelles technologies que les cuisiniers doivent ma\u00eetriser. Le changement permanent des habitudes de consommation et des tendances culinaires n\u00e9cessite une adaptation r\u00e9guli\u00e8re des [&hellip;]\" \/>\n<meta property=\"og:url\" content=\"https:\/\/www.coulissesduchef.com\/site\/formation\/les-objectifs\/\" \/>\n<meta property=\"og:site_name\" content=\"Cours de cuisine \u00e0 Paris\" \/>\n<meta property=\"article:modified_time\" content=\"2024-08-22T07:06:45+00:00\" \/>\n<meta name=\"twitter:card\" content=\"summary_large_image\" \/>\n<meta name=\"twitter:label1\" content=\"Dur\u00e9e de lecture estim\u00e9e\" \/>\n\t<meta name=\"twitter:data1\" content=\"2 minutes\" \/>\n<script type=\"application\/ld+json\" class=\"yoast-schema-graph\">{\"@context\":\"https:\\\/\\\/schema.org\",\"@graph\":[{\"@type\":\"WebPage\",\"@id\":\"https:\\\/\\\/www.coulissesduchef.com\\\/site\\\/formation\\\/les-objectifs\\\/\",\"url\":\"https:\\\/\\\/www.coulissesduchef.com\\\/site\\\/formation\\\/les-objectifs\\\/\",\"name\":\"LES OBJECTIFS - Cours de cuisine \u00e0 Paris\",\"isPartOf\":{\"@id\":\"https:\\\/\\\/www.coulissesduchef.com\\\/site\\\/#website\"},\"datePublished\":\"2013-10-27T17:27:42+00:00\",\"dateModified\":\"2024-08-22T07:06:45+00:00\",\"breadcrumb\":{\"@id\":\"https:\\\/\\\/www.coulissesduchef.com\\\/site\\\/formation\\\/les-objectifs\\\/#breadcrumb\"},\"inLanguage\":\"fr-FR\",\"potentialAction\":[{\"@type\":\"ReadAction\",\"target\":[\"https:\\\/\\\/www.coulissesduchef.com\\\/site\\\/formation\\\/les-objectifs\\\/\"]}]},{\"@type\":\"BreadcrumbList\",\"@id\":\"https:\\\/\\\/www.coulissesduchef.com\\\/site\\\/formation\\\/les-objectifs\\\/#breadcrumb\",\"itemListElement\":[{\"@type\":\"ListItem\",\"position\":1,\"name\":\"Accueil\",\"item\":\"https:\\\/\\\/www.coulissesduchef.com\\\/site\\\/\"},{\"@type\":\"ListItem\",\"position\":2,\"name\":\"FORMATIONS PRO\",\"item\":\"https:\\\/\\\/www.coulissesduchef.com\\\/site\\\/formation\\\/\"},{\"@type\":\"ListItem\",\"position\":3,\"name\":\"LES OBJECTIFS\"}]},{\"@type\":\"WebSite\",\"@id\":\"https:\\\/\\\/www.coulissesduchef.com\\\/site\\\/#website\",\"url\":\"https:\\\/\\\/www.coulissesduchef.com\\\/site\\\/\",\"name\":\"Cours de cuisine \u00e0 Paris\",\"description\":\"Atelier &amp; Cours de cuisine d&#039;Olivier Bert\u00e9 Paris\",\"potentialAction\":[{\"@type\":\"SearchAction\",\"target\":{\"@type\":\"EntryPoint\",\"urlTemplate\":\"https:\\\/\\\/www.coulissesduchef.com\\\/site\\\/?s={search_term_string}\"},\"query-input\":{\"@type\":\"PropertyValueSpecification\",\"valueRequired\":true,\"valueName\":\"search_term_string\"}}],\"inLanguage\":\"fr-FR\"}]}<\/script>\n<!-- \/ Yoast SEO plugin. -->","yoast_head_json":{"title":"LES OBJECTIFS - Cours de cuisine \u00e0 Paris","robots":{"index":"index","follow":"follow","max-snippet":"max-snippet:-1","max-image-preview":"max-image-preview:large","max-video-preview":"max-video-preview:-1"},"canonical":"https:\/\/www.coulissesduchef.com\/site\/formation\/les-objectifs\/","og_locale":"fr_FR","og_type":"article","og_title":"LES OBJECTIFS - Cours de cuisine \u00e0 Paris","og_description":"L\u2019enjeu de toute soci\u00e9t\u00e9 de restauration est la satisfaction du client et cela passe par un personnel comp\u00e9tent, motiv\u00e9 et donc form\u00e9. La contrainte technique augmente dans ces m\u00e9tiers du fait de nouvelles technologies que les cuisiniers doivent ma\u00eetriser. Le changement permanent des habitudes de consommation et des tendances culinaires n\u00e9cessite une adaptation r\u00e9guli\u00e8re des [&hellip;]","og_url":"https:\/\/www.coulissesduchef.com\/site\/formation\/les-objectifs\/","og_site_name":"Cours de cuisine \u00e0 Paris","article_modified_time":"2024-08-22T07:06:45+00:00","twitter_card":"summary_large_image","twitter_misc":{"Dur\u00e9e de lecture estim\u00e9e":"2 minutes"},"schema":{"@context":"https:\/\/schema.org","@graph":[{"@type":"WebPage","@id":"https:\/\/www.coulissesduchef.com\/site\/formation\/les-objectifs\/","url":"https:\/\/www.coulissesduchef.com\/site\/formation\/les-objectifs\/","name":"LES OBJECTIFS - Cours de cuisine \u00e0 Paris","isPartOf":{"@id":"https:\/\/www.coulissesduchef.com\/site\/#website"},"datePublished":"2013-10-27T17:27:42+00:00","dateModified":"2024-08-22T07:06:45+00:00","breadcrumb":{"@id":"https:\/\/www.coulissesduchef.com\/site\/formation\/les-objectifs\/#breadcrumb"},"inLanguage":"fr-FR","potentialAction":[{"@type":"ReadAction","target":["https:\/\/www.coulissesduchef.com\/site\/formation\/les-objectifs\/"]}]},{"@type":"BreadcrumbList","@id":"https:\/\/www.coulissesduchef.com\/site\/formation\/les-objectifs\/#breadcrumb","itemListElement":[{"@type":"ListItem","position":1,"name":"Accueil","item":"https:\/\/www.coulissesduchef.com\/site\/"},{"@type":"ListItem","position":2,"name":"FORMATIONS PRO","item":"https:\/\/www.coulissesduchef.com\/site\/formation\/"},{"@type":"ListItem","position":3,"name":"LES OBJECTIFS"}]},{"@type":"WebSite","@id":"https:\/\/www.coulissesduchef.com\/site\/#website","url":"https:\/\/www.coulissesduchef.com\/site\/","name":"Cours de cuisine \u00e0 Paris","description":"Atelier &amp; Cours de cuisine d&#039;Olivier Bert\u00e9 Paris","potentialAction":[{"@type":"SearchAction","target":{"@type":"EntryPoint","urlTemplate":"https:\/\/www.coulissesduchef.com\/site\/?s={search_term_string}"},"query-input":{"@type":"PropertyValueSpecification","valueRequired":true,"valueName":"search_term_string"}}],"inLanguage":"fr-FR"}]}},"_links":{"self":[{"href":"https:\/\/www.coulissesduchef.com\/site\/wp-json\/wp\/v2\/pages\/657","targetHints":{"allow":["GET"]}}],"collection":[{"href":"https:\/\/www.coulissesduchef.com\/site\/wp-json\/wp\/v2\/pages"}],"about":[{"href":"https:\/\/www.coulissesduchef.com\/site\/wp-json\/wp\/v2\/types\/page"}],"author":[{"embeddable":true,"href":"https:\/\/www.coulissesduchef.com\/site\/wp-json\/wp\/v2\/users\/2"}],"replies":[{"embeddable":true,"href":"https:\/\/www.coulissesduchef.com\/site\/wp-json\/wp\/v2\/comments?post=657"}],"version-history":[{"count":0,"href":"https:\/\/www.coulissesduchef.com\/site\/wp-json\/wp\/v2\/pages\/657\/revisions"}],"up":[{"embeddable":true,"href":"https:\/\/www.coulissesduchef.com\/site\/wp-json\/wp\/v2\/pages\/66"}],"wp:attachment":[{"href":"https:\/\/www.coulissesduchef.com\/site\/wp-json\/wp\/v2\/media?parent=657"}],"curies":[{"name":"wp","href":"https:\/\/api.w.org\/{rel}","templated":true}]}}

<p>[et_pb_section fb_built= »1&Prime; _builder_version= »4.16&Prime; global_colors_info= »{} »][et_pb_row _builder_version= »4.16&Prime; background_size= »initial » background_position= »top_left » background_repeat= »repeat » global_colors_info= »{} »][et_pb_column type= »4_4&Prime; _builder_version= »4.16&Prime; custom_padding= »||| » global_colors_info= »{} » custom_padding__hover= »||| »][et_pb_text _builder_version= »4.16&Prime; background_size= »initial » background_position= »top_left » background_repeat= »repeat » global_colors_info= »{} »]</p>
<p style="text-align: justify;"><span style="font-size: large;">L’enjeu de toute société de restauration est la satisfaction du client et cela passe par un personnel compétent, motivé et donc formé. La contrainte technique augmente dans ces métiers du fait de nouvelles technologies que les cuisiniers doivent maîtriser.</span></p>
<p style="text-align: justify;"><span style="font-size: large;">Le changement permanent des habitudes de consommation et des tendances culinaires nécessite une adaptation régulière des menus proposés et des aliments utilisés. Le secteur tend de plus en plus vers une industrialisation de la préparation des repas que ce soit dans la restauration collective ou dans la restauration traditionnelle. Il est donc nécessaire de maîtriser les outils mais aussi les techniques et les normes en vigueur. Cela permet à la fois une meilleure organisation, une meilleure qualité de service et à terme une meilleure rentabilité.</span></p>
<p style="text-align: justify;"><span style="font-size: large;">Nous vous proposons donc d’accompagner vos salariés en leur donnant une formation de terrain, sur-mesure en fonction de vos attentes et immédiatement applicable. Nous nous déplaçons dans vos locaux ou mettons à votre disposition notre atelier Paris-Bourse. Notre équipe de professionnels utilise son expertise, ses expériences et ses outils pédagogiques pour vous aider à concrétiser vos projets. Nous nous engageons à vos côtés et vous adressons des interlocuteurs privilégiés, disponibles et compétents, forts d’une expérience reconnue dans leur domaine d’intervention.</span></p>
<p style="text-align: justify;"><span style="font-size: large;">Disposant d’un numéro d’agrément, notre société de formation est habilitée à dispenser des formations culinaires professionnelles qui peuvent être prises en charge par les dispositifs DIF ou Fongecif.</span></p>
<p>[/et_pb_text][/et_pb_column][/et_pb_row][/et_pb_section]</p>

<p>L’enjeu de toute société de restauration est la satisfaction du client et cela passe par un personnel compétent, motivé et donc formé. La contrainte technique augmente dans ces métiers du fait de nouvelles technologies que les cuisiniers doivent maîtriser. Le changement permanent des habitudes de consommation et des tendances culinaires nécessite une adaptation régulière des [&hellip;]</p>

<p style="text-align: justify;">L’enjeu de toute société de restauration est la satisfaction du client et cela passe par un personnel compétent, motivé et donc formé. La contrainte technique augmente dans ces métiers du fait de nouvelles technologies que les cuisiniers doivent maîtriser.</p>
<p style="text-align: justify;">Le changement permanent des habitudes de consommation et des tendances culinaires nécessite une adaptation régulière des menus proposés et des aliments utilisés. Le secteur tend de plus en plus vers une industrialisation de la préparation des repas que ce soit dans la restauration collective ou dans la restauration traditionnelle. Il est donc nécessaire de maîtriser les outils mais aussi les techniques et les normes en vigueur. Cela permet à la fois une meilleure organisation, une meilleure qualité de service et à terme une meilleure rentabilité.</p>
<p style="text-align: justify;">Nous vous proposons donc d’accompagner vos salariés en leur donnant une formation de terrain, sur-mesure en fonction de vos attentes et immédiatement applicable. Nous nous déplaçons dans vos locaux ou mettons à votre disposition notre atelier Paris-Bourse. Notre équipe de professionnels utilise son expertise, ses expériences et ses outils pédagogiques pour vous aider à concrétiser vos projets. Nous nous engageons à vos côtés et vous adressons des interlocuteurs privilégiés, disponibles et compétents, forts d’une expérience reconnue dans leur domaine d’intervention.</p>
<p style="text-align: justify;">Disposant d’un numéro d’agrément, notre société de formation est habilitée à dispenser des formations culinaires professionnelles qui peuvent être prises en charge par les dispositifs DIF ou Fongecif.</p>

<!-- This site is optimized with the Yoast SEO plugin v27.5 - https://yoast.com/product/yoast-seo-wordpress/ -->
<title>LES OBJECTIFS - Cours de cuisine à Paris</title>
<meta name="robots" content="index, follow, max-snippet:-1, max-image-preview:large, max-video-preview:-1" />
<link rel="canonical" href="https://www.coulissesduchef.com/site/formation/les-objectifs/" />
<meta property="og:locale" content="fr_FR" />
<meta property="og:type" content="article" />
<meta property="og:title" content="LES OBJECTIFS - Cours de cuisine à Paris" />
<meta property="og:description" content="L’enjeu de toute société de restauration est la satisfaction du client et cela passe par un personnel compétent, motivé et donc formé. La contrainte technique augmente dans ces métiers du fait de nouvelles technologies que les cuisiniers doivent maîtriser. Le changement permanent des habitudes de consommation et des tendances culinaires nécessite une adaptation régulière des [&hellip;]" />
<meta property="og:url" content="https://www.coulissesduchef.com/site/formation/les-objectifs/" />
<meta property="og:site_name" content="Cours de cuisine à Paris" />
<meta property="article:modified_time" content="2024-08-22T07:06:45+00:00" />
<meta name="twitter:card" content="summary_large_image" />
<meta name="twitter:label1" content="Durée de lecture estimée" />
	<meta name="twitter:data1" content="2 minutes" />
<script type="application/ld+json" class="yoast-schema-graph">{"@context":"https:\/\/schema.org","@graph":[{"@type":"WebPage","@id":"https:\/\/www.coulissesduchef.com\/site\/formation\/les-objectifs\/","url":"https:\/\/www.coulissesduchef.com\/site\/formation\/les-objectifs\/","name":"LES OBJECTIFS - Cours de cuisine à Paris","isPartOf":{"@id":"https:\/\/www.coulissesduchef.com\/site\/#website"},"datePublished":"2013-10-27T17:27:42+00:00","dateModified":"2024-08-22T07:06:45+00:00","breadcrumb":{"@id":"https:\/\/www.coulissesduchef.com\/site\/formation\/les-objectifs\/#breadcrumb"},"inLanguage":"fr-FR","potentialAction":[{"@type":"ReadAction","target":["https:\/\/www.coulissesduchef.com\/site\/formation\/les-objectifs\/"]}]},{"@type":"BreadcrumbList","@id":"https:\/\/www.coulissesduchef.com\/site\/formation\/les-objectifs\/#breadcrumb","itemListElement":[{"@type":"ListItem","position":1,"name":"Accueil","item":"https:\/\/www.coulissesduchef.com\/site\/"},{"@type":"ListItem","position":2,"name":"FORMATIONS PRO","item":"https:\/\/www.coulissesduchef.com\/site\/formation\/"},{"@type":"ListItem","position":3,"name":"LES OBJECTIFS"}]},{"@type":"WebSite","@id":"https:\/\/www.coulissesduchef.com\/site\/#website","url":"https:\/\/www.coulissesduchef.com\/site\/","name":"Cours de cuisine à Paris","description":"Atelier &amp; Cours de cuisine d&#039;Olivier Berté Paris","potentialAction":[{"@type":"SearchAction","target":{"@type":"EntryPoint","urlTemplate":"https:\/\/www.coulissesduchef.com\/site\/?s={search_term_string}"},"query-input":{"@type":"PropertyValueSpecification","valueRequired":true,"valueName":"search_term_string"}}],"inLanguage":"fr-FR"}]}</script>
<!-- / Yoast SEO plugin. -->

LES OBJECTIFS - Cours de cuisine à Paris

L’enjeu de toute société de restauration est la satisfaction du client et cela passe par un personnel compétent, motivé et donc formé. La contrainte technique augmente dans ces métiers du fait de nouvelles technologies que les cuisiniers doivent maîtriser. Le changement permanent des habitudes de consommation et des tendances culinaires nécessite une adaptation régulière des [&hellip;]

Cours de cuisine à Paris

Atelier &amp; Cours de cuisine d&#039;Olivier Berté Paris
