{"id":62,"date":"2012-07-10T16:31:07","date_gmt":"2012-07-10T15:31:07","guid":{"rendered":"http:\/\/www.coulissesduchef.com\/site\/?page_id=62"},"modified":"2024-08-29T15:53:55","modified_gmt":"2024-08-29T14:53:55","slug":"entreprises","status":"publish","type":"page","link":"https:\/\/www.coulissesduchef.com\/site\/entreprises\/","title":{"rendered":"ENTREPRISES"},"content":{"rendered":"<p>[et_pb_section fb_built=\u00a0\u00bb1&Prime; _builder_version=\u00a0\u00bb4.16&Prime; global_colors_info=\u00a0\u00bb{}\u00a0\u00bb][et_pb_row _builder_version=\u00a0\u00bb4.16&Prime; background_size=\u00a0\u00bbinitial\u00a0\u00bb background_position=\u00a0\u00bbtop_left\u00a0\u00bb background_repeat=\u00a0\u00bbrepeat\u00a0\u00bb global_colors_info=\u00a0\u00bb{}\u00a0\u00bb][et_pb_column type=\u00a0\u00bb4_4&Prime; _builder_version=\u00a0\u00bb4.16&Prime; custom_padding=\u00a0\u00bb|||\u00a0\u00bb global_colors_info=\u00a0\u00bb{}\u00a0\u00bb custom_padding__hover=\u00a0\u00bb|||\u00a0\u00bb][et_pb_text _builder_version=\u00a0\u00bb4.16&Prime; background_size=\u00a0\u00bbinitial\u00a0\u00bb background_position=\u00a0\u00bbtop_left\u00a0\u00bb background_repeat=\u00a0\u00bbrepeat\u00a0\u00bb custom_padding=\u00a0\u00bb|8px||||\u00a0\u00bb global_colors_info=\u00a0\u00bb{}\u00a0\u00bb]<\/p>\n<p style=\"text-align: right;\" align=\"center\"><span style=\"font-size: large;\"><strong>Vos collaborateurs ont du talent !<\/strong><\/span><\/p>\n<hr \/>\n<p style=\"text-align: justify;\" align=\"justify\"><span style=\"font-size: large;\"><strong>La cuisine a toujours \u00e9t\u00e9 un lieu de rencontres et de partage.<\/strong> Elle permet de faire tomber les barri\u00e8res hi\u00e9rarchiques, de se voir et de voir ses collaborateurs sous un nouveau jour.\u00a0L&rsquo;esprit d&rsquo;\u00e9quipe, la coh\u00e9sion, la rigueur, autant de valeurs \u00e0 mettre en avant pour <strong>la r\u00e9alisation d&rsquo;un objectif commun, d&rsquo;une oeuvre collective: LE MENU<\/strong>.<\/span><\/p>\n<p style=\"text-align: justify;\" align=\"justify\"><span style=\"font-size: large;\"><strong>Partagez<\/strong> <strong>un moment de plaisir<\/strong> avec vos collaborateurs, vos clients ou vos partenaires en privatisant l&rsquo;un de nos ateliers.<\/span><\/p>\n<p style=\"text-align: justify;\" align=\"justify\"><span style=\"font-size: large;\"><strong>Valorisez un\u00a0\u00e9v\u00e9nement\u00a0particulier<\/strong> (lancement de produit, anniversaire, d\u00e9part en retraite, etc) avec une prestation inoubliable!<\/span><\/p>\n<p style=\"text-align: justify;\" align=\"justify\"><span style=\"font-size: large;\">Le Chef Olivier Bert\u00e9 et son \u00e9quipe r\u00e9alisent \u00e0 votre demande des ateliers en fonction de votre cahier des charges.\u00a0Nos ateliers sont \u00e0 votre disposition pour<strong> un cours de cuisine<\/strong> mais aussi pour <strong>un s\u00e9minaire<\/strong>.\u00a0Notre planning est ouvert \u00e0 toute demande du lundi au samedi. Nous attendons votre demande de devis!<\/span><\/p>\n<hr \/>\n<p><span style=\"font-size: large;\"><strong><span style=\"text-decoration: underline;\">Nos sites :<\/span><br \/><\/strong><\/span><\/p>\n<ul>\n<li><span style=\"font-size: large;\"><strong>Paris 2<sup>\u00e8me <\/sup><\/strong>LES COULISSES DU CHEF : \u00a0jusqu&rsquo;\u00e0 20 participants (Tarifs entreprises: 90\u20ac HT\/personne)<\/span><\/li>\n<li><span style=\"font-size: large;\"><strong>Autres partenariats:<\/strong>\u00a0Tarif sur devis<\/span><\/li>\n<li><span style=\"font-size: large;\"><strong>Ch\u00e2teau de Breteuil<\/strong> et ses \u00e9curies : de 20 \u00e0 100 participants\u00a0&#8211; (Tarif sur devis)<\/span><\/li>\n<li><span style=\"font-size: large;\"><strong>Bateau-P\u00e9niche \u00e0 Paris<\/strong>\u00a0: de 50 \u00e0 110 participants- (Tarif sur devis)<\/span><\/li>\n<li><span style=\"font-size: large;\">+ de 100 participants, nous vous proposons des<strong> \u00e9tablissements adapt\u00e9s<\/strong>&#8211; (Tarif sur devis)<\/span><\/li>\n<\/ul>\n<p style=\"text-align: justify;\"><span style=\"font-size: large;\"><strong>\u00a0<\/strong><\/span><\/p>\n<p><span style=\"font-size: large;\"><strong>\u00a0<\/strong><strong>La cuisine est une pratique qui permet de lisser habilement <\/strong><strong>les rapports hi\u00e9rarchiques en r\u00e9introduisant du plaisir dans le travail.<\/strong><\/span><\/p>\n<div class=\"et_post_meta_wrapper\">\n<h1 class=\"entry-title\"><\/h1>\n<h1 class=\"entry-title\"><span style=\"font-size: large;\">PRIVATISATION ATELIER ENTREPRISE \u2013 Cours de cuisine<\/span><\/h1>\n<\/div>\n<div class=\"entry-content\">\n<p><span style=\"font-size: large;\"><strong>FORMULE DEJEUNER : \u00e0 partir de 10h00 jusqu\u2019\u00e0 14h15\u00a0<\/strong><\/span><\/p>\n<p><span style=\"font-size: large;\"><strong>90 \u20ac HT \/ personne\u00a0\u2013<\/strong>\u00a0<strong>A partir de 8 et\u00a0jusqu\u2019\u00e0\u00a020 participants.<\/strong><\/span><\/p>\n<p><span style=\"font-size: large;\">-Caf\u00e9 d\u2019accueil\u00a0: caf\u00e9, th\u00e9, jus de fruits et viennoiseries<\/span><\/p>\n<p><span style=\"font-size: large;\">-Cours de cuisine\u00a0 r\u00e9alisation d\u2019un menu complet d\u2019environ 2h00<\/span><\/p>\n<p><span style=\"font-size: large;\">-D\u00e9gustation sur place \u00a0des mets r\u00e9alis\u00e9s d\u2019environ 1h30<\/span><\/p>\n<p><span style=\"font-size: large;\"><strong>&#8211; Les boissons<\/strong>\u00a0associ\u00e9es au repas sont comprises: eaux plates et gazeuses, ainsi que des vins en accord avec les mets pr\u00e9par\u00e9s (ros\u00e9, blanc et rouge) \u2013 1 bouteille pour 3 personnes<\/span><\/p>\n<p><span style=\"font-size: large;\">-Caf\u00e9 ou th\u00e9 en fin de repas<\/span><\/p>\n<p><span style=\"font-size: large;\"><strong>OFFERT : le tablier en coton et les recettes\u00a0!<\/strong><\/span><\/p>\n<p><span style=\"font-size: large;\"><strong>FORMULE DINER : \u00e0 partir de 18h00 jusqu\u2019\u00e0 22h15<\/strong><\/span><\/p>\n<p><span style=\"font-size: large;\"><strong>90 \u20ac HT \/ personne \u2013\u00a0A partir de 8 et\u00a0jusqu\u2019\u00e0\u00a020 participants.<\/strong><\/span><\/p>\n<p><span style=\"font-size: large;\">-Ap\u00e9ritif d\u2019accueil accompagn\u00e9 de toast\u00a0: kir, vin ros\u00e9, vin blanc, cocktail\u2026<\/span><\/p>\n<p><span style=\"font-size: large;\">-Cours de cuisine r\u00e9alisation d\u2019un menu complet d\u2019environ 2h00<\/span><\/p>\n<p><span style=\"font-size: large;\">-D\u00e9gustation sur place \u00a0des mets r\u00e9alis\u00e9s d\u2019environ 1h30<\/span><\/p>\n<p><span style=\"font-size: large;\"><strong>-Les boissons<\/strong>\u00a0associ\u00e9es au repas sont comprises: eaux plates et gazeuses, ainsi que des vins en accord avec les mets pr\u00e9par\u00e9s (ros\u00e9, blanc et rouge) \u2013 1 bouteille pour 3 personnes<\/span><\/p>\n<p><span style=\"font-size: large;\">-Caf\u00e9 ou th\u00e9 en fin de repas<\/span><\/p>\n<p><span style=\"font-size: large;\"><strong>OFFERT : le tablier en coton et les recettes !<\/strong><\/span><\/p>\n<p><span style=\"font-size: large;\"><strong>OPTIONS\u00a0:<\/strong><strong>\u00a0<\/strong><\/span><\/p>\n<p><span style=\"font-size: large;\"><strong>-APERITIF D\u2019ACCUEIL CHAMPAGNE\u00a0<\/strong>1 coupe de Champagne Jacquinot \/ personne accompagn\u00e9 d\u2019amuses-bouches- 10\u20ac HT\/ personne.<strong>\u00a0 \u00a0 \u00a0 \u00a0 \u00a0<\/strong><\/span><\/p>\n<p><span style=\"font-size: large;\"><strong>\u2013<\/strong><strong>\u0152NOLOGIE\u00a0<\/strong>Cours d\u2019\u0153nologie avec un sommelier durant le repas, pr\u00e9sentation des vins en accord avec les mets r\u00e9alis\u00e9s.<\/span><\/p>\n<p><span style=\"font-size: large;\">Sur devis par rapport au nombre de participants.<\/span><\/p>\n<p><span style=\"font-size: large;\">Durant 4h encadr\u00e9 par le Chef Olivier Bert\u00e9 dans son Atelier\u00a0 \u00ab\u00a0Les Coulisses du Chef\u00a0\u00bb, vous vivez une prestation compl\u00e8te et conviviale.<\/span><\/p>\n<p><span style=\"font-size: large;\">Au\u00a0<strong>7 rue Paul Lelong 75002 Paris\u00a0 \u2013 M\u00e9tro ligne 3\u00a0: Bourse et Parking\u00a0: Bourse<\/strong><\/span><\/p>\n<p><span style=\"font-size: large;\">Cet ancien h\u00f4tel particulier, haut sous plafond et lumineux a une d\u00e9coration moderne et color\u00e9e.<\/span><\/p>\n<p><span style=\"font-size: large;\">Dans une ambiance chaleureuse, pr\u00e9parez un menu en commun que vous d\u00e9gustez sur place.<\/span><\/p>\n<p><span style=\"font-size: large;\"><a href=\"https:\/\/www.coulissesduchef.com\/site\/wp-content\/uploads\/2013\/04\/Fotolia_28038481_XS-291x412-291x412-2.jpg\">\u00a0<\/a><\/span><\/p>\n<p><span style=\"font-size: large;\">Toute l\u2019\u00e9quipe \u00ab\u00a0Les Coulisses du Chef\u00a0\u00bb<\/span><\/p>\n<\/div>\n<p><span style=\"font-size: large;\">\u00a0<\/span><\/p>\n<p>[\/et_pb_text][\/et_pb_column][\/et_pb_row][\/et_pb_section]<\/p>\n","protected":false},"excerpt":{"rendered":"<p>Vos collaborateurs ont du talent ! La cuisine a toujours \u00e9t\u00e9 un lieu de rencontres et de partage. Elle permet de faire tomber les barri\u00e8res hi\u00e9rarchiques, de se voir et de voir ses collaborateurs sous un nouveau jour.\u00a0L&rsquo;esprit d&rsquo;\u00e9quipe, la coh\u00e9sion, la rigueur, autant de valeurs \u00e0 mettre en avant pour la r\u00e9alisation d&rsquo;un objectif [&hellip;]<\/p>\n","protected":false},"author":2,"featured_media":0,"parent":0,"menu_order":0,"comment_status":"closed","ping_status":"closed","template":"","meta":{"_et_pb_use_builder":"on","_et_pb_old_content":"<p style=\"text-align: right;\" align=\"center\"><strong>Vos collaborateurs ont du talent !<\/strong><\/p>\r\n\r\n\r\n<hr \/>\r\n<p style=\"text-align: justify;\" align=\"justify\"><strong>La cuisine a toujours \u00e9t\u00e9 un lieu de rencontres et de partage.<\/strong> Elle permet de faire tomber les barri\u00e8res hi\u00e9rarchiques, de se voir et de voir ses collaborateurs sous un nouveau jour.\u00a0L'esprit d'\u00e9quipe, la coh\u00e9sion, la rigueur, autant de valeurs \u00e0 mettre en avant pour <strong>la r\u00e9alisation d'un objectif commun, d'une oeuvre collective: LE MENU<\/strong>.<\/p>\r\n<p style=\"text-align: justify;\" align=\"justify\"><strong>Partagez<\/strong> <strong>un moment de plaisir<\/strong> avec vos collaborateurs, vos clients ou vos partenaires en privatisant l'un de nos ateliers.<\/p>\r\n<p style=\"text-align: justify;\" align=\"justify\"><strong>Valorisez un\u00a0\u00e9v\u00e9nement\u00a0particulier<\/strong> (lancement de produit, anniversaire, d\u00e9part en retraite, etc) avec une prestation inoubliable!<\/p>\r\n<p style=\"text-align: justify;\" align=\"justify\">Le Chef Olivier Bert\u00e9 et son \u00e9quipe r\u00e9alisent \u00e0 votre demande des ateliers en fonction de votre cahier des charges.\u00a0Nos ateliers sont \u00e0 votre disposition pour<strong> un cours de cuisine<\/strong> mais aussi pour <strong>un s\u00e9minaire<\/strong>.\u00a0Notre planning est ouvert \u00e0 toute demande du lundi au samedi. Nous attendons votre demande de devis!<\/p>\r\n\r\n\r\n<hr \/>\r\n\r\n<strong><span style=\"text-decoration: underline;\">Nos sites :<\/span>\r\n<\/strong>\r\n<ul>\r\n\t<li><strong>Paris 2<sup>\u00e8me <\/sup><\/strong>LES COULISSES DU CHEF : \u00a0jusqu'\u00e0 20 participants (Tarifs entreprises: 90\u20ac HT\/personne)<\/li>\r\n\t<li><strong>Paris 12<\/strong><sup><strong>\u00e8me<\/strong>\u00a0<\/sup>: de 20 \u00e0 25 participants- (Tarif sur devis)<\/li>\r\n\t<li><strong>Autres partenariats:<\/strong>\u00a0Tarif sur devis<\/li>\r\n\t<li><strong>Ch\u00e2teau de Breteuil<\/strong> et ses \u00e9curies : de 20 \u00e0 100 participants\u00a0- (Tarif sur devis)<\/li>\r\n\t<li><strong>Bateau-P\u00e9niche \u00e0 Paris<\/strong>\u00a0: de 50 \u00e0 110 participants- (Tarif sur devis)<\/li>\r\n\t<li>+ de 100 participants, nous vous proposons des<strong> \u00e9tablissements adapt\u00e9s<\/strong>- (Tarif sur devis)<\/li>\r\n<\/ul>\r\n<p style=\"text-align: justify;\"><strong>\u00a0<\/strong><\/p>\r\n<strong>\u00a0<\/strong>\r\n\r\n<hr \/>\r\n\r\n<blockquote>\r\n<p style=\"padding-left: 120px; text-align: left;\"><strong>La cuisine est une pratique qui permet de lisser habilement\u00a0<\/strong><strong>les rapports hi\u00e9rarchiques en r\u00e9introduisant du plaisir dans le travail.<\/strong><\/p>\r\n<\/blockquote>","_et_gb_content_width":"","footnotes":""},"class_list":["post-62","page","type-page","status-publish","hentry"],"yoast_head":"<!-- This site is optimized with the Yoast SEO plugin v27.5 - https:\/\/yoast.com\/product\/yoast-seo-wordpress\/ -->\n<title>ENTREPRISES - Cours de cuisine \u00e0 Paris<\/title>\n<meta name=\"robots\" content=\"index, follow, max-snippet:-1, max-image-preview:large, max-video-preview:-1\" \/>\n<link rel=\"canonical\" href=\"https:\/\/www.coulissesduchef.com\/site\/entreprises\/\" \/>\n<meta property=\"og:locale\" content=\"fr_FR\" \/>\n<meta property=\"og:type\" content=\"article\" \/>\n<meta property=\"og:title\" content=\"ENTREPRISES - Cours de cuisine \u00e0 Paris\" \/>\n<meta property=\"og:description\" content=\"Vos collaborateurs ont du talent ! La cuisine a toujours \u00e9t\u00e9 un lieu de rencontres et de partage. Elle permet de faire tomber les barri\u00e8res hi\u00e9rarchiques, de se voir et de voir ses collaborateurs sous un nouveau jour.\u00a0L&#039;esprit d&#039;\u00e9quipe, la coh\u00e9sion, la rigueur, autant de valeurs \u00e0 mettre en avant pour la r\u00e9alisation d&#039;un objectif [&hellip;]\" \/>\n<meta property=\"og:url\" content=\"https:\/\/www.coulissesduchef.com\/site\/entreprises\/\" \/>\n<meta property=\"og:site_name\" content=\"Cours de cuisine \u00e0 Paris\" \/>\n<meta property=\"article:modified_time\" content=\"2024-08-29T14:53:55+00:00\" \/>\n<meta name=\"twitter:card\" content=\"summary_large_image\" \/>\n<meta name=\"twitter:label1\" content=\"Dur\u00e9e de lecture estim\u00e9e\" \/>\n\t<meta name=\"twitter:data1\" content=\"2 minutes\" \/>\n<script type=\"application\/ld+json\" class=\"yoast-schema-graph\">{\"@context\":\"https:\\\/\\\/schema.org\",\"@graph\":[{\"@type\":\"WebPage\",\"@id\":\"https:\\\/\\\/www.coulissesduchef.com\\\/site\\\/entreprises\\\/\",\"url\":\"https:\\\/\\\/www.coulissesduchef.com\\\/site\\\/entreprises\\\/\",\"name\":\"ENTREPRISES - Cours de cuisine \u00e0 Paris\",\"isPartOf\":{\"@id\":\"https:\\\/\\\/www.coulissesduchef.com\\\/site\\\/#website\"},\"datePublished\":\"2012-07-10T15:31:07+00:00\",\"dateModified\":\"2024-08-29T14:53:55+00:00\",\"breadcrumb\":{\"@id\":\"https:\\\/\\\/www.coulissesduchef.com\\\/site\\\/entreprises\\\/#breadcrumb\"},\"inLanguage\":\"fr-FR\",\"potentialAction\":[{\"@type\":\"ReadAction\",\"target\":[\"https:\\\/\\\/www.coulissesduchef.com\\\/site\\\/entreprises\\\/\"]}]},{\"@type\":\"BreadcrumbList\",\"@id\":\"https:\\\/\\\/www.coulissesduchef.com\\\/site\\\/entreprises\\\/#breadcrumb\",\"itemListElement\":[{\"@type\":\"ListItem\",\"position\":1,\"name\":\"Accueil\",\"item\":\"https:\\\/\\\/www.coulissesduchef.com\\\/site\\\/\"},{\"@type\":\"ListItem\",\"position\":2,\"name\":\"ENTREPRISES\"}]},{\"@type\":\"WebSite\",\"@id\":\"https:\\\/\\\/www.coulissesduchef.com\\\/site\\\/#website\",\"url\":\"https:\\\/\\\/www.coulissesduchef.com\\\/site\\\/\",\"name\":\"Cours de cuisine \u00e0 Paris\",\"description\":\"Atelier &amp; Cours de cuisine d&#039;Olivier Bert\u00e9 Paris\",\"potentialAction\":[{\"@type\":\"SearchAction\",\"target\":{\"@type\":\"EntryPoint\",\"urlTemplate\":\"https:\\\/\\\/www.coulissesduchef.com\\\/site\\\/?s={search_term_string}\"},\"query-input\":{\"@type\":\"PropertyValueSpecification\",\"valueRequired\":true,\"valueName\":\"search_term_string\"}}],\"inLanguage\":\"fr-FR\"}]}<\/script>\n<!-- \/ Yoast SEO plugin. -->","yoast_head_json":{"title":"ENTREPRISES - Cours de cuisine \u00e0 Paris","robots":{"index":"index","follow":"follow","max-snippet":"max-snippet:-1","max-image-preview":"max-image-preview:large","max-video-preview":"max-video-preview:-1"},"canonical":"https:\/\/www.coulissesduchef.com\/site\/entreprises\/","og_locale":"fr_FR","og_type":"article","og_title":"ENTREPRISES - Cours de cuisine \u00e0 Paris","og_description":"Vos collaborateurs ont du talent ! La cuisine a toujours \u00e9t\u00e9 un lieu de rencontres et de partage. Elle permet de faire tomber les barri\u00e8res hi\u00e9rarchiques, de se voir et de voir ses collaborateurs sous un nouveau jour.\u00a0L'esprit d'\u00e9quipe, la coh\u00e9sion, la rigueur, autant de valeurs \u00e0 mettre en avant pour la r\u00e9alisation d'un objectif [&hellip;]","og_url":"https:\/\/www.coulissesduchef.com\/site\/entreprises\/","og_site_name":"Cours de cuisine \u00e0 Paris","article_modified_time":"2024-08-29T14:53:55+00:00","twitter_card":"summary_large_image","twitter_misc":{"Dur\u00e9e de lecture estim\u00e9e":"2 minutes"},"schema":{"@context":"https:\/\/schema.org","@graph":[{"@type":"WebPage","@id":"https:\/\/www.coulissesduchef.com\/site\/entreprises\/","url":"https:\/\/www.coulissesduchef.com\/site\/entreprises\/","name":"ENTREPRISES - Cours de cuisine \u00e0 Paris","isPartOf":{"@id":"https:\/\/www.coulissesduchef.com\/site\/#website"},"datePublished":"2012-07-10T15:31:07+00:00","dateModified":"2024-08-29T14:53:55+00:00","breadcrumb":{"@id":"https:\/\/www.coulissesduchef.com\/site\/entreprises\/#breadcrumb"},"inLanguage":"fr-FR","potentialAction":[{"@type":"ReadAction","target":["https:\/\/www.coulissesduchef.com\/site\/entreprises\/"]}]},{"@type":"BreadcrumbList","@id":"https:\/\/www.coulissesduchef.com\/site\/entreprises\/#breadcrumb","itemListElement":[{"@type":"ListItem","position":1,"name":"Accueil","item":"https:\/\/www.coulissesduchef.com\/site\/"},{"@type":"ListItem","position":2,"name":"ENTREPRISES"}]},{"@type":"WebSite","@id":"https:\/\/www.coulissesduchef.com\/site\/#website","url":"https:\/\/www.coulissesduchef.com\/site\/","name":"Cours de cuisine \u00e0 Paris","description":"Atelier &amp; Cours de cuisine d&#039;Olivier Bert\u00e9 Paris","potentialAction":[{"@type":"SearchAction","target":{"@type":"EntryPoint","urlTemplate":"https:\/\/www.coulissesduchef.com\/site\/?s={search_term_string}"},"query-input":{"@type":"PropertyValueSpecification","valueRequired":true,"valueName":"search_term_string"}}],"inLanguage":"fr-FR"}]}},"_links":{"self":[{"href":"https:\/\/www.coulissesduchef.com\/site\/wp-json\/wp\/v2\/pages\/62","targetHints":{"allow":["GET"]}}],"collection":[{"href":"https:\/\/www.coulissesduchef.com\/site\/wp-json\/wp\/v2\/pages"}],"about":[{"href":"https:\/\/www.coulissesduchef.com\/site\/wp-json\/wp\/v2\/types\/page"}],"author":[{"embeddable":true,"href":"https:\/\/www.coulissesduchef.com\/site\/wp-json\/wp\/v2\/users\/2"}],"replies":[{"embeddable":true,"href":"https:\/\/www.coulissesduchef.com\/site\/wp-json\/wp\/v2\/comments?post=62"}],"version-history":[{"count":0,"href":"https:\/\/www.coulissesduchef.com\/site\/wp-json\/wp\/v2\/pages\/62\/revisions"}],"wp:attachment":[{"href":"https:\/\/www.coulissesduchef.com\/site\/wp-json\/wp\/v2\/media?parent=62"}],"curies":[{"name":"wp","href":"https:\/\/api.w.org\/{rel}","templated":true}]}}